{"id":6345,"date":"2025-08-10T20:41:08","date_gmt":"2025-08-10T20:41:08","guid":{"rendered":"https:\/\/kreatif360.com\/ramademo\/?page_id=6345"},"modified":"2025-08-10T20:42:03","modified_gmt":"2025-08-10T20:42:03","slug":"insan-kaynaklari","status":"publish","type":"page","link":"https:\/\/kreatif360.com\/ramademo\/insan-kaynaklari\/","title":{"rendered":"\u0130nsan Kaynaklar\u0131"},"content":{"rendered":"\t\t<div data-elementor-type=\"wp-page\" data-elementor-id=\"6345\" class=\"elementor elementor-6345\">\n\t\t\t\t\t\t<section class=\"elementor-section elementor-top-section elementor-element elementor-element-3613923 elementor-section-boxed elementor-section-height-default elementor-section-height-default\" data-id=\"3613923\" data-element_type=\"section\" data-e-type=\"section\">\n\t\t\t\t\t\t<div class=\"elementor-container elementor-column-gap-default\">\n\t\t\t\t\t<div class=\"elementor-column elementor-col-100 elementor-top-column elementor-element elementor-element-c8c62e5\" data-id=\"c8c62e5\" data-element_type=\"column\" data-e-type=\"column\">\n\t\t\t<div class=\"elementor-widget-wrap elementor-element-populated\">\n\t\t\t\t\t\t<section class=\"elementor-section elementor-inner-section elementor-element elementor-element-c0bcb27 elementor-section-content-middle elementor-section-boxed elementor-section-height-default elementor-section-height-default\" data-id=\"c0bcb27\" data-element_type=\"section\" data-e-type=\"section\">\n\t\t\t\t\t\t<div class=\"elementor-container elementor-column-gap-default\">\n\t\t\t\t\t<div class=\"elementor-column elementor-col-100 elementor-inner-column elementor-element elementor-element-12cb063\" data-id=\"12cb063\" data-element_type=\"column\" data-e-type=\"column\">\n\t\t\t<div class=\"elementor-widget-wrap elementor-element-populated\">\n\t\t\t\t\t\t<div class=\"elementor-element elementor-element-7b684f5 elementor-widget elementor-widget-heading\" data-id=\"7b684f5\" data-element_type=\"widget\" data-e-type=\"widget\" data-widget_type=\"heading.default\">\n\t\t\t\t\t<h2 class=\"elementor-heading-title elementor-size-default\">Gelece\u011fimizi Birlikte \u0130n\u015fa Edelim<\/h2>\t\t\t\t<\/div>\n\t\t\t\t<div class=\"elementor-element elementor-element-5397927 elementor-widget-divider--view-line elementor-widget elementor-widget-divider\" data-id=\"5397927\" data-element_type=\"widget\" data-e-type=\"widget\" data-widget_type=\"divider.default\">\n\t\t\t\t\t\t\t<div class=\"elementor-divider\">\n\t\t\t<span class=\"elementor-divider-separator\">\n\t\t\t\t\t\t<\/span>\n\t\t<\/div>\n\t\t\t\t\t\t<\/div>\n\t\t\t\t<div class=\"elementor-element elementor-element-ffa455a elementor-widget elementor-widget-text-editor\" data-id=\"ffa455a\" data-element_type=\"widget\" data-e-type=\"widget\" data-widget_type=\"text-editor.default\">\n\t\t\t\t\t\t\t\t\t<p>Rama Asfalt olarak, ba\u015far\u0131lar\u0131m\u0131z\u0131n temelinde insan kayna\u011f\u0131m\u0131z\u0131n g\u00fcc\u00fc oldu\u011funa inan\u0131yoruz. M\u00fchendislik, \u00fcretim ve uygulama alanlar\u0131nda uzman kadromuzla T\u00fcrkiye genelinde projelere imza at\u0131yor, ekibimize yeni yetenekler kazand\u0131rmaktan gurur duyuyoruz.<br data-start=\"444\" data-end=\"447\" \/>Siz de Rama Asfalt ailesinin bir par\u00e7as\u0131 olmak, bilgi ve deneyiminizle de\u011fer katmak istiyorsan\u0131z, \u00f6zge\u00e7mi\u015finizi <strong data-start=\"559\" data-end=\"583\"><a class=\"cursor-pointer\" rel=\"noopener\" data-start=\"561\" data-end=\"581\">ik@ramaasfalt.com.tr<\/a><\/strong> adresine g\u00f6nderebilirsiniz.<\/p>\t\t\t\t\t\t\t\t<\/div>\n\t\t\t\t\t<\/div>\n\t\t<\/div>\n\t\t\t\t\t<\/div>\n\t\t<\/section>\n\t\t\t\t<div class=\"elementor-element elementor-element-089e174 elementor-widget elementor-widget-spacer\" data-id=\"089e174\" data-element_type=\"widget\" data-e-type=\"widget\" data-widget_type=\"spacer.default\">\n\t\t\t\t\t\t\t<div class=\"elementor-spacer\">\n\t\t\t<div class=\"elementor-spacer-inner\"><\/div>\n\t\t<\/div>\n\t\t\t\t\t\t<\/div>\n\t\t\t\t\t<\/div>\n\t\t<\/div>\n\t\t\t\t\t<\/div>\n\t\t<\/section>\n\t\t\t\t<\/div>\n\t\t","protected":false},"excerpt":{"rendered":"<p>Gelece\u011fimizi Birlikte \u0130n\u015fa Edelim Rama Asfalt olarak, ba\u015far\u0131lar\u0131m\u0131z\u0131n temelinde insan kayna\u011f\u0131m\u0131z\u0131n g\u00fcc\u00fc oldu\u011funa inan\u0131yoruz. M\u00fchendislik, \u00fcretim ve uygulama alanlar\u0131nda uzman kadromuzla T\u00fcrkiye genelinde projelere imza at\u0131yor, ekibimize yeni yetenekler kazand\u0131rmaktan gurur duyuyoruz.Siz de Rama Asfalt ailesinin bir par\u00e7as\u0131 olmak, bilgi ve deneyiminizle de\u011fer katmak istiyorsan\u0131z, \u00f6zge\u00e7mi\u015finizi ik@ramaasfalt.com.tr adresine g\u00f6nderebilirsiniz.<\/p>\n","protected":false},"author":1,"featured_media":0,"parent":0,"menu_order":0,"comment_status":"closed","ping_status":"closed","template":"","meta":{"inline_featured_image":false,"footnotes":""},"class_list":["post-6345","page","type-page","status-publish","hentry"],"_links":{"self":[{"href":"https:\/\/kreatif360.com\/ramademo\/wp-json\/wp\/v2\/pages\/6345","targetHints":{"allow":["GET"]}}],"collection":[{"href":"https:\/\/kreatif360.com\/ramademo\/wp-json\/wp\/v2\/pages"}],"about":[{"href":"https:\/\/kreatif360.com\/ramademo\/wp-json\/wp\/v2\/types\/page"}],"author":[{"embeddable":true,"href":"https:\/\/kreatif360.com\/ramademo\/wp-json\/wp\/v2\/users\/1"}],"replies":[{"embeddable":true,"href":"https:\/\/kreatif360.com\/ramademo\/wp-json\/wp\/v2\/comments?post=6345"}],"version-history":[{"count":3,"href":"https:\/\/kreatif360.com\/ramademo\/wp-json\/wp\/v2\/pages\/6345\/revisions"}],"predecessor-version":[{"id":6436,"href":"https:\/\/kreatif360.com\/ramademo\/wp-json\/wp\/v2\/pages\/6345\/revisions\/6436"}],"wp:attachment":[{"href":"https:\/\/kreatif360.com\/ramademo\/wp-json\/wp\/v2\/media?parent=6345"}],"curies":[{"name":"wp","href":"https:\/\/api.w.org\/{rel}","templated":true}]}}