{"id":6334,"date":"2025-08-09T14:59:06","date_gmt":"2025-08-09T14:59:06","guid":{"rendered":"https:\/\/kreatif360.com\/ramademo\/?page_id=6334"},"modified":"2025-08-10T15:23:51","modified_gmt":"2025-08-10T15:23:51","slug":"sosyal-sorumluluk","status":"publish","type":"page","link":"https:\/\/kreatif360.com\/ramademo\/sosyal-sorumluluk\/","title":{"rendered":"Sosyal Sorumluluk"},"content":{"rendered":"\t\t<div data-elementor-type=\"wp-page\" data-elementor-id=\"6334\" class=\"elementor elementor-6334\">\n\t\t\t\t\t\t<section class=\"elementor-section elementor-top-section elementor-element elementor-element-17c1c5f elementor-section-boxed elementor-section-height-default elementor-section-height-default\" data-id=\"17c1c5f\" data-element_type=\"section\" data-e-type=\"section\">\n\t\t\t\t\t\t<div class=\"elementor-container elementor-column-gap-default\">\n\t\t\t\t\t<div class=\"elementor-column elementor-col-100 elementor-top-column elementor-element elementor-element-85a7bdf\" data-id=\"85a7bdf\" data-element_type=\"column\" data-e-type=\"column\">\n\t\t\t<div class=\"elementor-widget-wrap elementor-element-populated\">\n\t\t\t\t\t\t<section class=\"elementor-section elementor-inner-section elementor-element elementor-element-e69ed6e elementor-section-content-middle elementor-section-boxed elementor-section-height-default elementor-section-height-default\" data-id=\"e69ed6e\" data-element_type=\"section\" data-e-type=\"section\">\n\t\t\t\t\t\t<div class=\"elementor-container elementor-column-gap-default\">\n\t\t\t\t\t<div class=\"elementor-column elementor-col-100 elementor-inner-column elementor-element elementor-element-fc5ebd3\" data-id=\"fc5ebd3\" data-element_type=\"column\" data-e-type=\"column\">\n\t\t\t<div class=\"elementor-widget-wrap elementor-element-populated\">\n\t\t\t\t\t\t<div class=\"elementor-element elementor-element-b72dd35 elementor-widget elementor-widget-heading\" data-id=\"b72dd35\" data-element_type=\"widget\" data-e-type=\"widget\" data-widget_type=\"heading.default\">\n\t\t\t\t\t<h2 class=\"elementor-heading-title elementor-size-default\">Rama Asfalt Sosyal Sorumluluk Projeleri; Topluma De\u011fer Katan Yolculuk<\/h2>\t\t\t\t<\/div>\n\t\t\t\t<div class=\"elementor-element elementor-element-85431f9 elementor-widget-divider--view-line elementor-widget elementor-widget-divider\" data-id=\"85431f9\" data-element_type=\"widget\" data-e-type=\"widget\" data-widget_type=\"divider.default\">\n\t\t\t\t\t\t\t<div class=\"elementor-divider\">\n\t\t\t<span class=\"elementor-divider-separator\">\n\t\t\t\t\t\t<\/span>\n\t\t<\/div>\n\t\t\t\t\t\t<\/div>\n\t\t\t\t<div class=\"elementor-element elementor-element-cc3823f elementor-widget elementor-widget-text-editor\" data-id=\"cc3823f\" data-element_type=\"widget\" data-e-type=\"widget\" data-widget_type=\"text-editor.default\">\n\t\t\t\t\t\t\t\t\t<p data-start=\"3877\" data-end=\"4242\">Rama Asfalt, yaln\u0131zca asfalt \u00fcretimi ve uygulama hizmetleriyle de\u011fil, topluma sa\u011flad\u0131\u011f\u0131 katk\u0131larla da fark yarat\u0131r. Adana merkezli olarak T\u00fcrkiye\u2019nin d\u00f6rt bir yan\u0131na hizmet verirken, faaliyetlerimizin toplumsal fayda yaratmas\u0131na \u00f6nem g\u00f6steriyoruz. Sosyal sorumluluk anlay\u0131\u015f\u0131m\u0131z, e\u011fitimden \u00e7evreye, k\u00fclt\u00fcrden spora kadar bir\u00e7ok alanda projeler geli\u015ftirmeyi kapsar.<\/p><p data-start=\"4244\" data-end=\"4602\">Yerel y\u00f6netimlerle, sivil toplum kurulu\u015flar\u0131yla ve e\u011fitim kurumlar\u0131yla i\u015f birli\u011fi yaparak, toplumun ihtiya\u00e7lar\u0131na y\u00f6nelik projeler y\u00fcr\u00fct\u00fcyoruz. Asfalt \u00fcretim s\u00fcre\u00e7lerimizde \u00e7evreye duyarl\u0131 y\u00f6ntemler kullan\u0131rken, ayn\u0131 zamanda b\u00f6lge halk\u0131na istihdam sa\u011fl\u0131yoruz. <strong data-start=\"4504\" data-end=\"4519\">Rama Asfalt<\/strong>, ekonomik kalk\u0131nman\u0131n yan\u0131nda sosyal geli\u015fimin de destek\u00e7isi olmay\u0131 ilke edinir.<\/p><p data-start=\"4604\" data-end=\"4996\">Adana\u2019dan t\u00fcm T\u00fcrkiye\u2019ye ula\u015ft\u0131rd\u0131\u011f\u0131m\u0131z asfalt \u00fcretimi ve uygulama hizmetlerimiz, sadece yol ve altyap\u0131 in\u015fa etmekle kalmaz; ayn\u0131 zamanda insanlar\u0131n hayat kalitesini art\u0131r\u0131r. Trafik g\u00fcvenli\u011fini art\u0131ran, ya\u015fam alanlar\u0131n\u0131 modernle\u015ftiren projelerimizle topluma de\u011fer kat\u0131yoruz. Bizim i\u00e7in sosyal sorumluluk, ticari faaliyetlerin \u00f6tesinde bir g\u00f6revdir ve bu g\u00f6rev her zaman \u00f6ncelikli olacakt\u0131r.<\/p>\t\t\t\t\t\t\t\t<\/div>\n\t\t\t\t\t<\/div>\n\t\t<\/div>\n\t\t\t\t\t<\/div>\n\t\t<\/section>\n\t\t\t\t<div class=\"elementor-element elementor-element-e86a454 elementor-widget elementor-widget-spacer\" data-id=\"e86a454\" data-element_type=\"widget\" data-e-type=\"widget\" data-widget_type=\"spacer.default\">\n\t\t\t\t\t\t\t<div class=\"elementor-spacer\">\n\t\t\t<div class=\"elementor-spacer-inner\"><\/div>\n\t\t<\/div>\n\t\t\t\t\t\t<\/div>\n\t\t\t\t\t<\/div>\n\t\t<\/div>\n\t\t\t\t\t<\/div>\n\t\t<\/section>\n\t\t\t\t<\/div>\n\t\t","protected":false},"excerpt":{"rendered":"<p>Rama Asfalt Sosyal Sorumluluk Projeleri; Topluma De\u011fer Katan Yolculuk Rama Asfalt, yaln\u0131zca asfalt \u00fcretimi ve uygulama hizmetleriyle de\u011fil, topluma sa\u011flad\u0131\u011f\u0131 katk\u0131larla da fark yarat\u0131r. Adana merkezli olarak T\u00fcrkiye\u2019nin d\u00f6rt bir yan\u0131na hizmet verirken, faaliyetlerimizin toplumsal fayda yaratmas\u0131na \u00f6nem g\u00f6steriyoruz. Sosyal sorumluluk anlay\u0131\u015f\u0131m\u0131z, e\u011fitimden \u00e7evreye, k\u00fclt\u00fcrden spora kadar bir\u00e7ok alanda projeler<\/p>\n","protected":false},"author":1,"featured_media":0,"parent":0,"menu_order":0,"comment_status":"closed","ping_status":"closed","template":"","meta":{"inline_featured_image":false,"footnotes":""},"class_list":["post-6334","page","type-page","status-publish","hentry"],"_links":{"self":[{"href":"https:\/\/kreatif360.com\/ramademo\/wp-json\/wp\/v2\/pages\/6334","targetHints":{"allow":["GET"]}}],"collection":[{"href":"https:\/\/kreatif360.com\/ramademo\/wp-json\/wp\/v2\/pages"}],"about":[{"href":"https:\/\/kreatif360.com\/ramademo\/wp-json\/wp\/v2\/types\/page"}],"author":[{"embeddable":true,"href":"https:\/\/kreatif360.com\/ramademo\/wp-json\/wp\/v2\/users\/1"}],"replies":[{"embeddable":true,"href":"https:\/\/kreatif360.com\/ramademo\/wp-json\/wp\/v2\/comments?post=6334"}],"version-history":[{"count":7,"href":"https:\/\/kreatif360.com\/ramademo\/wp-json\/wp\/v2\/pages\/6334\/revisions"}],"predecessor-version":[{"id":6424,"href":"https:\/\/kreatif360.com\/ramademo\/wp-json\/wp\/v2\/pages\/6334\/revisions\/6424"}],"wp:attachment":[{"href":"https:\/\/kreatif360.com\/ramademo\/wp-json\/wp\/v2\/media?parent=6334"}],"curies":[{"name":"wp","href":"https:\/\/api.w.org\/{rel}","templated":true}]}}